atest common divisor of 195 and 234.
39
What is the highest common divisor of 33 and 11539?
11
Calculate the greatest common factor of 435 and 3335.
145
Calculate the highest common factor of 322 and 46.
46
What is the greatest common divisor of 39 and 8801?
13
What is the highest common factor of 30 and 550?
10
Calculate the greatest common divisor of 676 and 104.
52
What is the greatest common divisor of 2331 and 37?
37
What is the greatest common divisor of 3883 and 55?
11
Calculate the highest common divisor of 480 and 30.
30
Calculate the greatest common factor of 36 and 2682.
18
Calculate the highest common divisor of 30 and 543.
3
What is the highest common divisor of 91 and 32123?
91
What is the greatest common factor of 104 and 2925?
13
What is the highest common divisor of 15 and 60?
15
What is the greatest common divisor of 51 and 1343?
17
What is the greatest common factor of 46 and 6394?
46
Calculate the greatest common divisor of 41 and 41820.
41
What is the greatest common factor of 134 and 1273?
67
Calculate the greatest common factor of 58 and 754.
58
Calculate the greatest common factor of 60 and 1770.
30
Calculate the highest common factor of 518 and 296.
74
Calculate the highest common factor of 114 and 6.
6
Calculate the highest common factor of 29 and 1305.
29
What is the greatest common divisor of 16 and 268?
4
What is the highest common factor of 37 and 148?
37
Calculate the highest common factor of 572 and 22.
22
What is the greatest common divisor of 48 and 360?
24
Calculate the greatest common divisor of 2002 and 1573.
143
What is the greatest common factor of 180 and 324?
36
Calculate the greatest common divisor of 188 and 329.
47
Calculate the highest common factor of 127 and 889.
127
Calculate the highest common divisor of 128 and 656.
16
What is the greatest common factor of 46 and 69?
23
Calculate the highest common factor of 4 and 3918.
2
What is the greatest common factor of 80 and 3160?
40
Calculate the highest common divisor of 375 and 105.
15
Calculate the highest common divisor of 239 and 15296.
239
What is the greatest common divisor of 4 and 20?
4
What is the greatest common divisor of 35 and 5355?
35
What is the greatest common divisor of 10 and 780?
10
Calculate the highest common factor of 9 and 4338.
9
Calculate the highest common factor of 340 and 30.
10
Calculate the highest common factor of 11125 and 625.
125
What is the greatest common divisor of 1156 and 68?
68
Calculate the greatest common divisor of 63 and 1302.
21
Calculate the greatest common divisor of 96 and 564.
12
What is the greatest common factor of 28 and 20?
4
What is the greatest common divisor of 5 and 185?
5
What is the greatest common divisor of 20 and 81820?
20
What is the greatest common divisor of 2 and 128?
2
Calculate the highest common divisor of 201 and 67.
67
What is the highest common factor of 174 and 609?
87
What is the greatest common factor of 504 and 1152?
72
What is the highest common factor of 1652 and 7?
7
What is the highest common factor of 64 and 48?
16
What is the greatest common factor of 160 and 415?
5
Calculate the highest common divisor of 6 and 286.
2
Calculate the highest common divisor of 2489 and 38.
19
Calculate the greatest common divisor of 3 and 51.
3
Calculate the greatest common factor of 993 and 21.
3
What is the greatest common factor of 77966 and 14?
14
Calculate the highest common factor of 33 and 6468.
33
Calculate the highest common factor of 15 and 4.
1
Calculate the greatest common factor of 102 and 255.
51
What is the highest common divisor of 618 and 258?
6
Calculate the highest common divisor of 2412 and 396.
36
What is the highest common factor of 217 and 12679?
31
What is the greatest common divisor of 247 and 76?
19
What is the greatest common factor of 22 and 737?
11
What is the highest common factor of 81 and 378?
27
What is the highest common factor of 5 and 1270?
5
Calculate the highest common factor of 21 and 56.
7
Calculate the highest common factor of 142 and 5893.
71
What is the highest common factor of 15 and 1380?
15
What is the highest common divisor of 219 and 584?
73
What is the highest common factor of 18 and 306?
18
Calculate the highest common divisor of 105 and 595.
35
What is the greatest common factor of 74 and 9879?
37
What is the highest common factor of 2240 and 420?
140
What is the highest common divisor of 64 and 28?
4
What is the greatest common factor of 85 and 3077?
17
What is the highest common divisor of 35 and 4655?
35
Calculate the highest common factor of 288 and 18.
18
Calculate the greatest common factor of 177 and 295.
59
What is the highest common factor of 993 and 18?
3
What is the highest common factor of 44 and 902?
22
Calculate the greatest common divisor of 213 and 10366.
71
Calculate the greatest common divisor of 38 and 1672.
38
Calculate the greatest common factor of 60584 and 16.
8
What is the highest common factor of 3619 and 154?
77
What is the greatest common divisor of 368 and 16?
16
Calculate the highest common divisor of 162 and 1215.
81
Calculate the highest common factor of 3882 and 6.
6
Calculate the greatest common divisor of 122 and 6.
2
Calculate the greatest common divisor of 105 and 9.
3
Calculate the greatest common factor of 1533 and 63.
21
What is the highest common factor of 570 and 38?
38
Calculate the greatest common factor of 49 and 70.
7
Calculate the highest common factor of 38 and 190.
38
Calculate the highest common divisor of 264 and 600.
24
Calculate the highest common factor of 12 and 7692.
12
Calculate the greatest common factor of 9575 and 50.
25
What is the highest common factor of 235 and 5687?
47
Calculate the greatest common factor of 492 and 408.
12
Calculate the highest common divisor of 6912 and 324.
108
What is the greatest common divisor of 12 and 1524?
12
What is the greatest common divisor of 6077 and 206?
103
What is the highest common divisor of 5 and 5855?
5
What is the greatest common divisor of 3514 and 56?
14
What is the highest common factor of 126 and 350?
14
Calculate the greatest common divisor of 15 and 105.
15
Calculate the greatest common divisor of 105 and 63.
21
What is the greatest common divisor of 25 and 15?
5
Calculate the highest common factor of 15066 and 18.
18
Calculate the highest common divisor of 305 and 732.
61
Calculate the highest common factor of 1085 and 35.
35
Calculate the greatest common factor of 346 and 19549.
173
Calculate the highest common divisor of 489 and 15.
3
Calculate the highest common divisor of 19 and 1653.
19
What is the highest common divisor of 490 and 10?
10
Calculate the highest common factor of 164 and 2378.
82
What is the greatest common factor of 3850 and 462?
154
What is the greatest common divisor of 69 and 15?
3
What is the highest common divisor of 1768 and 32?
8
What is the highest common factor of 655 and 3537?
131
What is the highest common factor of 8 and 4500?
4
What is the greatest common factor of 4680 and 24?
24
What is the greatest common factor of 24 and 248?
8
Calculate the highest common divisor of 60 and 7584.
12
Calculate the greatest common factor of 64 and 6816.
32
Calculate the highest common factor of 120 and 42.
6
Calculate the greatest common factor of 5670 and 14.
14
Calculate the greatest common factor of 6171 and 357.
51
What is the greatest common factor of 1898 and 208?
26
Calculate the greatest common divisor of 290 and 522.
58
Calculate the highest common factor of 125 and 5.
5
What is the highest common factor of 472 and 2006?
118
Calculate the highest common divisor of 4200 and 1344.
168
What is the greatest common factor of 172 and 43?
43
Calculate the highest common factor of 69 and 12.
3
What is the greatest common divisor of 129 and 2193?
129
Calculate the highest common divisor of 876 and 12.
12
Calculate the greatest common factor of 4921 and 57.
19
What is the greatest common divisor of 18 and 6?
6
What is the greatest common divisor of 1239 and 354?
177
What is the greatest common factor of 493 and 17?
17
Calculate the greatest common factor of 140 and 7300.
20
Calculate the greatest common factor of 5687 and 47.
47
What is the greatest common factor of 152 and 19?
19
Calculate the greatest common